{"id":847,"date":"2026-04-28T15:41:56","date_gmt":"2026-04-28T13:41:56","guid":{"rendered":"https:\/\/www.lmofrance.com\/boutique\/?post_type=product&#038;p=847"},"modified":"2026-04-28T15:47:18","modified_gmt":"2026-04-28T13:47:18","slug":"centre-dusinage-vertical-modele-awea-bm1020","status":"publish","type":"product","link":"https:\/\/www.lmofrance.com\/boutique\/produit\/centre-dusinage-vertical-modele-awea-bm1020\/","title":{"rendered":"Centre d&rsquo;usinage vertical, mod\u00e8le AWEA BM1020"},"content":{"rendered":"<div class=\"wpb-content-wrapper\"><p>[vc_row][vc_column][vc_empty_space][vc_column_text el_class=\u00a0\u00bbtitre-h2 habillage-titre-trait\u00a0\u00bb]Description de la machine[\/vc_column_text][vc_row_inner][vc_column_inner width=\u00a0\u00bb1\/2&Prime;][vc_column_text]<u><b>Commande num\u00e9rique <\/b><\/u>:<\/p>\n<p>Commande num\u00e9rique Fanuc 0iMC<\/p>\n<p><u><b>Courses<\/b><\/u> :<\/p>\n<p>1020 x 600 x 600 mm[\/vc_column_text][\/vc_column_inner][vc_column_inner width=\u00a0\u00bb1\/2&Prime;][vc_column_text]<u><b>BROCHES<\/b><\/u> :<\/p>\n<p>Vitesse de broche : 8000 tr\/min<\/p>\n<p>C\u00f4ne de broche BT40<\/p>\n<p>Moteur de broche : 11 kW<\/p>\n<p><u><b>Table<\/b><\/u> :<\/p>\n<p>Dimensions de la table : 1120 x 600 mm[\/vc_column_text][\/vc_column_inner][\/vc_row_inner][\/vc_column][\/vc_row][vc_row][vc_column][vc_column_text]<span class=\"fort\">Equipements de la machine :<\/span>[\/vc_column_text][vc_row_inner][vc_column_inner width=\u00a0\u00bb1\/2&Prime;][vc_column_text]<\/p>\n<ul>\n<li>Commande num\u00e9rique Fanuc 0iMC<\/li>\n<li>Changeur d&rsquo;outils : 24 postes<\/li>\n<li>Convoyeur de copeaux<\/li>\n<li>Rapides X\/Y : 24 m\/min<\/li>\n<li>Rapides Z : 20 m\/min<\/li>\n<li>Arrosage centre broche<\/li>\n<\/ul>\n<p>[\/vc_column_text][\/vc_column_inner][vc_column_inner width=\u00a0\u00bb1\/2&Prime;][\/vc_column_inner][\/vc_row_inner][\/vc_column][\/vc_row][vc_row][vc_column][vc_column_text el_class=\u00a0\u00bbtitre-h2 habillage-titre-trait titre-centre\u00a0\u00bb]<\/p>\n<p style=\"text-align: center;\">Vous souhaitez commander cette machine ?<\/p>\n<p>[\/vc_column_text][vc_btn title=\u00a0\u00bbDemandez un devis\u00a0\u00bb style=\u00a0\u00bbcustom\u00a0\u00bb custom_background=\u00a0\u00bb#163254&Prime; custom_text=\u00a0\u00bb#ffffff\u00a0\u00bb shape=\u00a0\u00bbsquare\u00a0\u00bb size=\u00a0\u00bblg\u00a0\u00bb align=\u00a0\u00bbcenter\u00a0\u00bb link=\u00a0\u00bburl:%2Fdemande-de-devis\u00a0\u00bb][\/vc_column][\/vc_row]<\/p>\n<\/div>","protected":false},"excerpt":{"rendered":"<p><span class=\"fort\">Type ou mod\u00e8le :<\/span> AWEA BM1020 \u2013 FANUC OiMC<br \/>\n<span class=\"fort\">N\u00b0 de s\u00e9rie :<\/span> 5082<br \/>\n<span class=\"fort\">D\u00e9lais :<\/span> Disponible LMO (59)<br \/>\n<span class=\"fort\">Machine :<\/span> Occasion &#8211; Ann\u00e9e 2005<\/p>\n","protected":false},"featured_media":849,"template":"","meta":[],"product_brand":[],"product_cat":[60,47,28,19],"product_tag":[],"class_list":{"0":"post-847","1":"product","2":"type-product","3":"status-publish","4":"has-post-thumbnail","6":"product_cat-awea","7":"product_cat-centre-dusinage","8":"product_cat-marques","9":"product_cat-occasion-machine","11":"first","12":"instock","13":"sold-individually","14":"taxable","15":"shipping-taxable","16":"product-type-simple"},"yoast_head":"<!-- This site is optimized with the Yoast SEO plugin v27.5 - https:\/\/yoast.com\/product\/yoast-seo-wordpress\/ -->\n<title>Machine outil d&#039;occasion YCM, commande num\u00e9rique HEIDENHAIN<\/title>\n<meta name=\"robots\" content=\"index, follow, max-snippet:-1, max-image-preview:large, max-video-preview:-1\" \/>\n<link rel=\"canonical\" href=\"https:\/\/www.lmofrance.com\/boutique\/produit\/centre-dusinage-vertical-modele-awea-bm1020\/\" \/>\n<meta property=\"og:locale\" content=\"fr_FR\" \/>\n<meta property=\"og:type\" content=\"article\" \/>\n<meta property=\"og:title\" content=\"Machine outil d&#039;occasion YCM, commande num\u00e9rique HEIDENHAIN\" \/>\n<meta property=\"og:description\" content=\"Type ou mod\u00e8le : AWEA BM1020 \u2013 FANUC OiMC N\u00b0 de s\u00e9rie : 5082 D\u00e9lais : Disponible LMO (59) Machine : Occasion - Ann\u00e9e 2005\" \/>\n<meta property=\"og:url\" content=\"https:\/\/www.lmofrance.com\/boutique\/produit\/centre-dusinage-vertical-modele-awea-bm1020\/\" \/>\n<meta property=\"og:site_name\" content=\"Boutique\" \/>\n<meta property=\"article:modified_time\" content=\"2026-04-28T13:47:18+00:00\" \/>\n<meta property=\"og:image\" content=\"https:\/\/www.lmofrance.com\/boutique\/wp-content\/uploads\/sites\/2\/2026\/04\/1752673437443.jpg\" \/>\n\t<meta property=\"og:image:width\" content=\"1020\" \/>\n\t<meta property=\"og:image:height\" content=\"768\" \/>\n\t<meta property=\"og:image:type\" content=\"image\/jpeg\" \/>\n<meta name=\"twitter:card\" content=\"summary_large_image\" \/>\n<meta name=\"twitter:label1\" content=\"Dur\u00e9e de lecture estim\u00e9e\" \/>\n\t<meta name=\"twitter:data1\" content=\"1 minute\" \/>\n<script type=\"application\/ld+json\" class=\"yoast-schema-graph\">{\"@context\":\"https:\\\/\\\/schema.org\",\"@graph\":[{\"@type\":\"WebPage\",\"@id\":\"https:\\\/\\\/www.lmofrance.com\\\/boutique\\\/produit\\\/centre-dusinage-vertical-modele-awea-bm1020\\\/\",\"url\":\"https:\\\/\\\/www.lmofrance.com\\\/boutique\\\/produit\\\/centre-dusinage-vertical-modele-awea-bm1020\\\/\",\"name\":\"Machine outil d'occasion YCM, commande num\u00e9rique HEIDENHAIN\",\"isPartOf\":{\"@id\":\"https:\\\/\\\/www.lmofrance.com\\\/boutique\\\/#website\"},\"primaryImageOfPage\":{\"@id\":\"https:\\\/\\\/www.lmofrance.com\\\/boutique\\\/produit\\\/centre-dusinage-vertical-modele-awea-bm1020\\\/#primaryimage\"},\"image\":{\"@id\":\"https:\\\/\\\/www.lmofrance.com\\\/boutique\\\/produit\\\/centre-dusinage-vertical-modele-awea-bm1020\\\/#primaryimage\"},\"thumbnailUrl\":\"https:\\\/\\\/www.lmofrance.com\\\/boutique\\\/wp-content\\\/uploads\\\/sites\\\/2\\\/2026\\\/04\\\/1752673437443.jpg\",\"datePublished\":\"2026-04-28T13:41:56+00:00\",\"dateModified\":\"2026-04-28T13:47:18+00:00\",\"breadcrumb\":{\"@id\":\"https:\\\/\\\/www.lmofrance.com\\\/boutique\\\/produit\\\/centre-dusinage-vertical-modele-awea-bm1020\\\/#breadcrumb\"},\"inLanguage\":\"fr-FR\",\"potentialAction\":[{\"@type\":\"ReadAction\",\"target\":[\"https:\\\/\\\/www.lmofrance.com\\\/boutique\\\/produit\\\/centre-dusinage-vertical-modele-awea-bm1020\\\/\"]}]},{\"@type\":\"ImageObject\",\"inLanguage\":\"fr-FR\",\"@id\":\"https:\\\/\\\/www.lmofrance.com\\\/boutique\\\/produit\\\/centre-dusinage-vertical-modele-awea-bm1020\\\/#primaryimage\",\"url\":\"https:\\\/\\\/www.lmofrance.com\\\/boutique\\\/wp-content\\\/uploads\\\/sites\\\/2\\\/2026\\\/04\\\/1752673437443.jpg\",\"contentUrl\":\"https:\\\/\\\/www.lmofrance.com\\\/boutique\\\/wp-content\\\/uploads\\\/sites\\\/2\\\/2026\\\/04\\\/1752673437443.jpg\",\"width\":1020,\"height\":768},{\"@type\":\"BreadcrumbList\",\"@id\":\"https:\\\/\\\/www.lmofrance.com\\\/boutique\\\/produit\\\/centre-dusinage-vertical-modele-awea-bm1020\\\/#breadcrumb\",\"itemListElement\":[{\"@type\":\"ListItem\",\"position\":1,\"name\":\"Accueil\",\"item\":\"https:\\\/\\\/www.lmofrance.com\\\/boutique\\\/\"},{\"@type\":\"ListItem\",\"position\":2,\"name\":\"Boutique\",\"item\":\"https:\\\/\\\/www.lmofrance.com\\\/boutique\\\/?page_id=26\"},{\"@type\":\"ListItem\",\"position\":3,\"name\":\"Centre d&rsquo;usinage vertical, mod\u00e8le AWEA BM1020\"}]},{\"@type\":\"WebSite\",\"@id\":\"https:\\\/\\\/www.lmofrance.com\\\/boutique\\\/#website\",\"url\":\"https:\\\/\\\/www.lmofrance.com\\\/boutique\\\/\",\"name\":\"Boutique\",\"description\":\"Machines-outils occasion et pi\u00e8ces\",\"potentialAction\":[{\"@type\":\"SearchAction\",\"target\":{\"@type\":\"EntryPoint\",\"urlTemplate\":\"https:\\\/\\\/www.lmofrance.com\\\/boutique\\\/?s={search_term_string}\"},\"query-input\":{\"@type\":\"PropertyValueSpecification\",\"valueRequired\":true,\"valueName\":\"search_term_string\"}}],\"inLanguage\":\"fr-FR\"}]}<\/script>\n<!-- \/ Yoast SEO plugin. -->","yoast_head_json":{"title":"Machine outil d'occasion YCM, commande num\u00e9rique HEIDENHAIN","robots":{"index":"index","follow":"follow","max-snippet":"max-snippet:-1","max-image-preview":"max-image-preview:large","max-video-preview":"max-video-preview:-1"},"canonical":"https:\/\/www.lmofrance.com\/boutique\/produit\/centre-dusinage-vertical-modele-awea-bm1020\/","og_locale":"fr_FR","og_type":"article","og_title":"Machine outil d'occasion YCM, commande num\u00e9rique HEIDENHAIN","og_description":"Type ou mod\u00e8le : AWEA BM1020 \u2013 FANUC OiMC N\u00b0 de s\u00e9rie : 5082 D\u00e9lais : Disponible LMO (59) Machine : Occasion - Ann\u00e9e 2005","og_url":"https:\/\/www.lmofrance.com\/boutique\/produit\/centre-dusinage-vertical-modele-awea-bm1020\/","og_site_name":"Boutique","article_modified_time":"2026-04-28T13:47:18+00:00","og_image":[{"width":1020,"height":768,"url":"https:\/\/www.lmofrance.com\/boutique\/wp-content\/uploads\/sites\/2\/2026\/04\/1752673437443.jpg","type":"image\/jpeg"}],"twitter_card":"summary_large_image","twitter_misc":{"Dur\u00e9e de lecture estim\u00e9e":"1 minute"},"schema":{"@context":"https:\/\/schema.org","@graph":[{"@type":"WebPage","@id":"https:\/\/www.lmofrance.com\/boutique\/produit\/centre-dusinage-vertical-modele-awea-bm1020\/","url":"https:\/\/www.lmofrance.com\/boutique\/produit\/centre-dusinage-vertical-modele-awea-bm1020\/","name":"Machine outil d'occasion YCM, commande num\u00e9rique HEIDENHAIN","isPartOf":{"@id":"https:\/\/www.lmofrance.com\/boutique\/#website"},"primaryImageOfPage":{"@id":"https:\/\/www.lmofrance.com\/boutique\/produit\/centre-dusinage-vertical-modele-awea-bm1020\/#primaryimage"},"image":{"@id":"https:\/\/www.lmofrance.com\/boutique\/produit\/centre-dusinage-vertical-modele-awea-bm1020\/#primaryimage"},"thumbnailUrl":"https:\/\/www.lmofrance.com\/boutique\/wp-content\/uploads\/sites\/2\/2026\/04\/1752673437443.jpg","datePublished":"2026-04-28T13:41:56+00:00","dateModified":"2026-04-28T13:47:18+00:00","breadcrumb":{"@id":"https:\/\/www.lmofrance.com\/boutique\/produit\/centre-dusinage-vertical-modele-awea-bm1020\/#breadcrumb"},"inLanguage":"fr-FR","potentialAction":[{"@type":"ReadAction","target":["https:\/\/www.lmofrance.com\/boutique\/produit\/centre-dusinage-vertical-modele-awea-bm1020\/"]}]},{"@type":"ImageObject","inLanguage":"fr-FR","@id":"https:\/\/www.lmofrance.com\/boutique\/produit\/centre-dusinage-vertical-modele-awea-bm1020\/#primaryimage","url":"https:\/\/www.lmofrance.com\/boutique\/wp-content\/uploads\/sites\/2\/2026\/04\/1752673437443.jpg","contentUrl":"https:\/\/www.lmofrance.com\/boutique\/wp-content\/uploads\/sites\/2\/2026\/04\/1752673437443.jpg","width":1020,"height":768},{"@type":"BreadcrumbList","@id":"https:\/\/www.lmofrance.com\/boutique\/produit\/centre-dusinage-vertical-modele-awea-bm1020\/#breadcrumb","itemListElement":[{"@type":"ListItem","position":1,"name":"Accueil","item":"https:\/\/www.lmofrance.com\/boutique\/"},{"@type":"ListItem","position":2,"name":"Boutique","item":"https:\/\/www.lmofrance.com\/boutique\/?page_id=26"},{"@type":"ListItem","position":3,"name":"Centre d&rsquo;usinage vertical, mod\u00e8le AWEA BM1020"}]},{"@type":"WebSite","@id":"https:\/\/www.lmofrance.com\/boutique\/#website","url":"https:\/\/www.lmofrance.com\/boutique\/","name":"Boutique","description":"Machines-outils occasion et pi\u00e8ces","potentialAction":[{"@type":"SearchAction","target":{"@type":"EntryPoint","urlTemplate":"https:\/\/www.lmofrance.com\/boutique\/?s={search_term_string}"},"query-input":{"@type":"PropertyValueSpecification","valueRequired":true,"valueName":"search_term_string"}}],"inLanguage":"fr-FR"}]}},"_links":{"self":[{"href":"https:\/\/www.lmofrance.com\/boutique\/wp-json\/wp\/v2\/product\/847","targetHints":{"allow":["GET"]}}],"collection":[{"href":"https:\/\/www.lmofrance.com\/boutique\/wp-json\/wp\/v2\/product"}],"about":[{"href":"https:\/\/www.lmofrance.com\/boutique\/wp-json\/wp\/v2\/types\/product"}],"wp:featuredmedia":[{"embeddable":true,"href":"https:\/\/www.lmofrance.com\/boutique\/wp-json\/wp\/v2\/media\/849"}],"wp:attachment":[{"href":"https:\/\/www.lmofrance.com\/boutique\/wp-json\/wp\/v2\/media?parent=847"}],"wp:term":[{"taxonomy":"product_brand","embeddable":true,"href":"https:\/\/www.lmofrance.com\/boutique\/wp-json\/wp\/v2\/product_brand?post=847"},{"taxonomy":"product_cat","embeddable":true,"href":"https:\/\/www.lmofrance.com\/boutique\/wp-json\/wp\/v2\/product_cat?post=847"},{"taxonomy":"product_tag","embeddable":true,"href":"https:\/\/www.lmofrance.com\/boutique\/wp-json\/wp\/v2\/product_tag?post=847"}],"curies":[{"name":"wp","href":"https:\/\/api.w.org\/{rel}","templated":true}]}}